 What is the thousands digit of l?
2
What is the units digit of 14/63 - 816956/(-126)?
4
Let s = 243 + -243. Suppose 4*j - 2*l - 600 = s, 3*l = -2*j + 3*j - 145. What is the tens digit of j?
5
What is the units digit of (19/57)/(1/49191)?
7
Suppose 1 = 13*h - 25. Suppose -h*y = -3*b - 1175, y + 4*y = b + 2944. What is the units digit of y?
9
Suppose 0 = 4*l - 300 + 248. What is the units digit of l?
3
Let u = -14832 + 23217. What is the hundreds digit of u?
3
Suppose -279*q = -280*q + 8386. What is the units digit of q?
6
Let g = 13 + -5. Suppose -g*n + 13*n - 10 = 0. What is the tens digit of 35 + n - 16/(-4)?
4
What is the thousands digit of (16/200*80)/(1/3235)?
0
Suppose -29608 - 17802 = -5*l. What is the tens digit of l?
8
Let i = -29 + 32. Let g(y) = 2 - 8 - 5*y + 6*y**2 + y**3 + i. What is the units digit of g(-3)?
9
Let c(j) = -5016*j - 158. What is the hundreds digit of c(-2)?
8
Let v(u) = -421*u - 2358. What is the thousands digit of v(-12)?
2
Let p(z) = z**3 - 90*z**2 + 52*z - 351. What is the hundreds digit of p(91)?
6
Let b = -4750 - -28827. What is the thousands digit of b?
4
Let v be -3*(0 + (4 - 7)). Suppose -4*i - 4*d = -1284, 935 = -v*i + 12*i - 4*d. What is the hundreds digit of i?
3
Suppose 421*f - 361*f - 378300 = 0. What is the hundreds digit of f?
3
Let x = -168 + 326. Suppose x = 10*u - 642. What is the units digit of u?
0
Let f = -13755 - -27766. What is the units digit of f?
1
Let s(v) = 9*v**2 - 26*v + 37. Suppose 0 = -14*k + 15*k - 6. What is the tens digit of s(k)?
0
Let s(d) = 4*d + 3. Let i be s(-2). Let r be (2 + 115)/(i/(-15)). Suppose -5*n = -3*p - r, -2*n - 2*n = -p - 285. What is the units digit of n?
2
Let l(c) be the first derivative of 3*c**2 - 2*c - 426. Let q be 1/((-10)/(-8))*5. What is the tens digit of l(q)?
2
Let a(w) = -2065*w + 3615. What is the tens digit of a(-8)?
3
Suppose 56 = 7*h - 0*h. Suppose 1542 = h*l - 2*l. What is the tens digit of l?
5
Let y = 1 + -1. Suppose 0 = 8*n - 4*n - y*n. Suppose n = 8*z - 1132 - 380. What is the units digit of z?
9
Suppose -41*y + 372865 = 53434. What is the units digit of y?
1
Suppose -5*d - 4*q + 169653 = 0, 0 = -d + 5*q - 3*q + 33939. What is the tens digit of d?
3
Let f(g) = 2488*g + 1691. What is the tens digit of f(21)?
3
Let r = -41288 - -100613. What is the ten thousands digit of r?
5
Let h(p) = 1076*p**3 + 13*p**2 - 3*p + 25. What is the thousands digit of h(3)?
9
Let a be (3/12*-15)/((-4)/48). Let d(w) = 114*w**3 + 3 - 48*w - 3 + a*w + 4*w**2. What is the hundreds digit of d(1)?
1
Let l = -155 + 168. Suppose -35*q + 6182 = -l*q. What is the units digit of q?
1
Let n(u) = 2*u**2 - 23*u - 84. Let d = -45 + 65. What is the units digit of n(d)?
6
Let c(o) = o**2 - 2*o + 1. Let m be c(3). Suppose 4*a - 5*l - 2534 = 0, l = -m*a + 3978 - 1456. What is the hundreds digit of a?
6
Let s = -15 + 25. Let x be 9*s - (-6 - -5). Suppose 0 = -5*g + x + 204. What is the tens digit of g?
5
Suppose 20*c - 54095 - 94364 = 63881. What is the units digit of c?
7
Let t(g) = -62*g + 6. Suppose -9*d - 75 + 66 = 0. What is the tens digit of t(d)?
6
Suppose -5 = -t + 4*r, -3*t - 3 = -8*t - 2*r. Let q be 8/((-24)/(-9)) + 8*t. Suppose -1428 - 541 = -q*i. What is the hundreds digit of i?
1
Let i(t) = t**2 + 5*t - 5. Let f be i(-7). Let n be ((-1)/2)/(f/(-54)). What is the units digit of -3*1/n - -50?
9
Let l = -36 + 41. Suppose 18 = l*j - 52. Suppose -2*c = m + j - 44, 3*m = -c + 85. What is the units digit of m?
8
Let r(t) = -2*t**3 + 16*t**2 - t + 11. Suppose -5*j + 6*j = 5. Let i = j + 3. What is the units digit of r(i)?
3
What is the ten thousands digit of (-30)/(-2145)*-11 + 4936582/91?
5
Suppose -5*w - 3*b = -4257, w - 1702 = -w - b. Let u be 4/6 + 0 + 3374/42. Suppose -x = 2*c - 306, u - w = -5*c - 4*x. What is the tens digit of c?
5
Let l = 6236 + -965. Suppose -5*w + 2754 = -l. What is the units digit of w?
5
Suppose -206*k + 204*k + 1420 = 0. Let l = 1416 - k. What is the hundreds digit of l?
7
Suppose -5*a + 4*j - 6 = 0, -2*a + a - 3 = j. What is the tens digit of a*(-1)/13 + (-10446)/(-39)?
6
Let l = -10 + 8. Let c be (-535)/10 + -5 - (-1)/l. Let t = 134 + c. What is the tens digit of t?
7
Let n = -546 - 1431. Let b = n + 3052. What is the units digit of b?
5
What is the thousands digit of (((-328)/10)/(10/(-25)))/(2/436)?
7
Suppose -132*m = 2*f - 136*m - 21854, 0 = -3*m + 3. What is the tens digit of f?
2
Let p(y) = -4*y - 11. Let g be p(-5). Suppose -g*w - w + 1400 = 0. Suppose 2*x + 2*f = w, 13 = 3*x + 2*f - 195. What is the tens digit of x?
6
Let o(u) = u**2 + 19*u - 17. Let v be o(14). Let d = -186 + v. What is the tens digit of d?
5
What is the hundreds digit of (-7)/((-98)/(-4)) + 429/(-91) + 9171?
1
Suppose -5*f = -3*r + 28949 + 11160, -4*r - 4*f + 53404 = 0. What is the ten thousands digit of r?
1
Suppose -2*s - 10 = -4*v, -3*v = 2*s - 4 - 14. Suppose -s*y + 1684 = y. Suppose -j - y = -6*j - w, 5*j + 3*w - 413 = 0. What is the tens digit of j?
8
Suppose -5*g - 2721 = -3*p, 2*g + 4*p + 2742 = -3*g. Let k = 958 + g. What is the units digit of k?
2
Suppose 3456138 - 229368 = 114*d. What is the tens digit of d?
0
Let f(i) = 30*i - 394. Let k be f(16). Let z(s) = 56*s - 5. Let n be z(6). Let m = n - k. What is the hundreds digit of m?
2
Let a be (-15)/(-25) + (-6)/10. Suppose -6*s + 3*s + 6 = a, -2406 = -4*t - s. What is the tens digit of t?
0
Let u be (31 + -30)/(2/6). Suppose d + 1574 = 4*m - m, -2*m + 1064 = u*d. What is the units digit of m?
6
Suppose 145*r = 116*r + 747881. What is the ten thousands digit of r?
2
Let z(k) = k - 4. Let a be z(6). Suppose 0 = 3*i - a*i - 5. Suppose 6*l - 3*l + 5*b - 325 = 0, 548 = i*l + 2*b. What is the hundreds digit of l?
1
Suppose 111567 = 4*n - 10*w - 145167, 0 = -4*n + 4*w + 256740. What is the hundreds digit of n?
1
Let o = 55 - 41. Let g(f) = -f**3 + 15*f**2 - 13*f + 6. Let h be g(o). Suppose -h = 2*m - 6*m. What is the units digit of m?
5
Suppose -8*f = -9*f + 2. Suppose f - 12 = 2*n. What is the tens digit of 291/12 - n/(-20)?
2
Suppose 0 = -96706*l + 96704*l + 74670. What is the ten thousands digit of l?
3
Suppose l + 0*l + 5884 = 5*h, -5864 = -5*h - 4*l. Let x = -470 + h. What is the tens digit of x?
0
Let f be (5/(-10))/(3/(-54)). Let g(k) be the first derivative of k**2/2 + 5*k - 2. What is the units digit of g(f)?
4
Let t be ((-1)/(3 - 5))/(1/582). Suppose 4*g - t = 525. Suppose 330 = 6*z - g. What is the units digit of z?
9
Suppose -3*n = -4*w + 14283, 20*w - 21*w = -2*n - 3577. What is the thousands digit of w?
3
Suppose -7213 = -5*l + 2*c + 1971, 0 = 3*l + 4*c - 5500. What is the tens digit of l?
3
Let s(t) be the third derivative of -227*t**6/60 + t**4/4 + 2*t**3/3 - 164*t**2. What is the units digit of s(-1)?
2
Let d(k) = 867*k**3 + 9*k**2 - 18*k - 4. What is the tens digit of d(3)?
3
Let j = 21 + -51. Let k be 1/(3/(-10))*(-45)/j. What is the tens digit of 4*1/(k/(-115))?
9
Let n(l) = 11*l**2 + 91*l - 1401. What is the ten thousands digit of n(43)?
2
Let x(u) = 84*u**2 - 5*u + 79. What is the hundreds digit of x(-10)?
5
Suppose -2*b + 2*t - 7*t = -5113, -b + 4*t = -2550. Suppose 3*n + 286 = b. What is the units digit of n?
6
Let y = 23190 - -8653. What is the hundreds digit of y?
8
Suppose t + 24 = 28. Suppose 0*b - t*b = -100. Suppose -4*w - b = -d, 0*d - 5*w = -5*d + 170. What is the tens digit of d?
3
Suppose 3*p + 13130 = 2*q - 10415, -4*q - 3*p + 47117 = 0. What is the hundreds digit of q?
7
Let b(j) = -338*j + 8416. What is the units digit of b(-21)?
4
Let l = -5287 - -15869. Suppose 6*t = -20*t + l. What is the hundreds digit of t?
4
Let s = 2191 - -2435. Suppose -d - j + 928 = 0, 5*d - 6*j + 4*j = s. What is the tens digit of d?
2
Let g(t) = -21*t**2 + 49*t**2 - 27*t**2 + 4*t - 41. Let n be g(-13). What is the hundreds digit of (0/(-2) - 22)/(n/(-874))?
2
Let t be (-6 - -7)*(-1)/1*-77. Suppose 0 = 2*z + 183 + t. Let g = 231 + z. What is the units digit of g?
1
Let s be ((-756)/70)/((-2)/135). Let z = s + -396. What is the tens digit of z?
3
Suppose -y - b + 8 = 0, -2 = y - 0*b + 3*b. Let k(t) = -t**3 + 13*t**2 + 4*t + 41. What is the units digit of k(y)?
3
Let n(c) = 274*c**2 + 8*c + 8. Let u be n(-5). Suppose 445*r - u = 438*r. What is the tens digit of r?
7
Suppose 0 = -u + 53*y - 55*y + 18571